{"id":5,"date":"2015-11-02T15:03:34","date_gmt":"2015-11-02T15:03:34","guid":{"rendered":"http:\/\/demos.artbees.net\/jupiter5\/taygete\/?page_id=5"},"modified":"2020-06-05T11:06:30","modified_gmt":"2020-06-05T11:06:30","slug":"home","status":"publish","type":"page","link":"https:\/\/mediationnow.ch\/","title":{"rendered":"Home"},"content":{"rendered":"<div class=\"wpb-content-wrapper\">[vc_row fullwidth=&#8220;true&#8220; visibility=&#8220;hidden-sm&#8220; css=&#8220;.vc_custom_1585656672587{padding-top: 0px !important;padding-right: 0px !important;padding-bottom: 0px !important;padding-left: 0px !important;}&#8220;][vc_column][mk_fullwidth_slideshow padding=&#8220;0&#8243; images=&#8220;542,544,545,546&#8243;][\/vc_column][\/vc_row][mk_page_section bg_color=&#8220;#5a8e83&#8243; bg_repeat=&#8220;no-repeat&#8220; bg_stretch=&#8220;true&#8220; min_height=&#8220;0&#8243; padding_top=&#8220;0&#8243; padding_bottom=&#8220;0&#8243; sidebar=&#8220;sidebar-1&#8243;][vc_column][mk_padding_divider size=&#8220;75&#8243;][vc_row_inner is_fullwidth_content=&#8220;false&#8220;][vc_column_inner width=&#8220;1\/3&#8243;][mk_custom_box bg_color=&#8220;#ffffff&#8220;][mk_fancy_title color=&#8220;#039976&#8243; size=&#8220;18&#8243; font_weight=&#8220;bold&#8220; txt_transform=&#8220;none&#8220; margin_bottom=&#8220;0&#8243; font_family=&#8220;none&#8220; align=&#8220;center&#8220;]Warum MediationNow[\/mk_fancy_title][vc_column_text align=&#8220;center&#8220; css=&#8220;.vc_custom_1591342990759{margin-bottom: 0px !important;}&#8220;]Wir legen Wert darauf, die Bed\u00fcrfnisse und Anliegen der Konfliktparteien wirklich zu verstehen um diese in der L\u00f6sungsfindung bestm\u00f6glich zu unterst\u00fctzen. Und wir glauben, dass auch bei scheinbar aussichtslosen Konfliktsituationen, einvernehmliche L\u00f6sungen gefunden werden k\u00f6nnen.[\/vc_column_text][mk_button dimension=&#8220;flat&#8220; corner_style=&#8220;rounded&#8220; url=&#8220;?page_id=472&#8243; align=&#8220;center&#8220; bg_color=&#8220;#039976&#8243; btn_hover_bg=&#8220;#d2e9de&#8220; btn_hover_txt_color=&#8220;#000000&#8243;]DETAILS[\/mk_button][\/mk_custom_box][\/vc_column_inner][vc_column_inner width=&#8220;1\/3&#8243;][mk_custom_box bg_color=&#8220;#ffffff&#8220;][mk_fancy_title color=&#8220;#039976&#8243; size=&#8220;18&#8243; font_weight=&#8220;bold&#8220; txt_transform=&#8220;none&#8220; margin_bottom=&#8220;0&#8243; font_family=&#8220;none&#8220; align=&#8220;center&#8220;]Vorteile der Mediation[\/mk_fancy_title][vc_column_text align=&#8220;center&#8220; css=&#8220;.vc_custom_1591343003530{margin-bottom: 0px !important;}&#8220;]In einer Mediation entscheiden die Konfliktparteien, welche Themen besprochen werden und es stehen vor allem die Beweggr\u00fcnde, pers\u00f6nliche Anliegen und die L\u00f6sungsfindung im Vordergrund.[\/vc_column_text][mk_button dimension=&#8220;flat&#8220; corner_style=&#8220;rounded&#8220; url=&#8220;?page_id=472&#8243; align=&#8220;center&#8220; bg_color=&#8220;#039976&#8243; btn_hover_bg=&#8220;#d2e9de&#8220; btn_hover_txt_color=&#8220;#000000&#8243;]DETAILS[\/mk_button][\/mk_custom_box][\/vc_column_inner][vc_column_inner width=&#8220;1\/3&#8243;][mk_custom_box bg_color=&#8220;#ffffff&#8220;][mk_fancy_title color=&#8220;#039976&#8243; size=&#8220;18&#8243; font_weight=&#8220;bold&#8220; txt_transform=&#8220;none&#8220; margin_bottom=&#8220;0&#8243; font_family=&#8220;none&#8220; align=&#8220;center&#8220;]Mediation in kirchlichen Institutionen[\/mk_fancy_title][vc_column_text align=&#8220;center&#8220; css=&#8220;.vc_custom_1591343017598{margin-bottom: 0px !important;}&#8220;]Als aktive Kirchenmitglieder ist es uns bei MediationNow ein Anliegen, kirchliche Institutionen in Konfliktsituationen zu unterst\u00fctzen. Insbesondere, da sich Menschen im kirchlichen Umfeld oder bei christlich t\u00e4tigen Hilfs- und Missionsorganisationen mit vollem Engagement einsetzen und Konflikte nur unn\u00f6tig Energie rauben.[\/vc_column_text][mk_button dimension=&#8220;flat&#8220; corner_style=&#8220;rounded&#8220; url=&#8220;?page_id=472&#8243; align=&#8220;center&#8220; bg_color=&#8220;#039976&#8243; btn_hover_bg=&#8220;#d2e9de&#8220; btn_hover_txt_color=&#8220;#000000&#8243;]DETAILS[\/mk_button][\/mk_custom_box][\/vc_column_inner][\/vc_row_inner][\/vc_column][\/mk_page_section][mk_page_section bg_color=&#8220;#5a8e83&#8243; min_height=&#8220;0&#8243; padding_top=&#8220;120&#8243; padding_bottom=&#8220;120&#8243; sidebar=&#8220;sidebar-1&#8243;][vc_column][mk_fancy_title color=&#8220;#ffffff&#8220; size=&#8220;30&#8243; txt_transform=&#8220;uppercase&#8220; letter_spacing=&#8220;2&#8243; margin_bottom=&#8220;0&#8243; font_family=&#8220;Ubuntu&#8220; font_type=&#8220;google&#8220; align=&#8220;center&#8220;]Unsere Angebote[\/mk_fancy_title][mk_divider style=&#8220;thin_solid&#8220; divider_width=&#8220;custom_width&#8220; custom_width=&#8220;60&#8243; thin_single_color=&#8220;#fdc502&#8243; thickness=&#8220;3&#8243; margin_top=&#8220;0&#8243; margin_bottom=&#8220;60&#8243;][vc_row_inner][vc_column_inner width=&#8220;1\/3&#8243;][mk_fancy_title color=&#8220;#ffffff&#8220; size=&#8220;48&#8243; font_weight=&#8220;bold&#8220; txt_transform=&#8220;capitalize&#8220; margin_bottom=&#8220;0&#8243; font_family=&#8220;Ubuntu&#8220; font_type=&#8220;google&#8220;]There are two sides to the story[\/mk_fancy_title][mk_button dimension=&#8220;flat&#8220; corner_style=&#8220;rounded&#8220; size=&#8220;medium&#8220; url=&#8220;?page_id=472&#8243; margin_top=&#8220;10&#8243; margin_bottom=&#8220;0&#8243; animation=&#8220;flip-y&#8220; btn_hover_bg=&#8220;#fdc502&#8243; text_color=&#8220;dark&#8220; btn_hover_txt_color=&#8220;#003164&#8243;]LEARN MORE[\/mk_button][mk_padding_divider size=&#8220;80&#8243; visibility=&#8220;visible-sm&#8220;][\/vc_column_inner][vc_column_inner width=&#8220;1\/3&#8243;][mk_icon_box icon=&#8220;mk-icon-comments-o&#8220; title=&#8220;Mediation&#8220; text_size=&#8220;24&#8243; font_weight=&#8220;bold&#8220; read_more_txt=&#8220;Erfahren Sie mehr&#8220; read_more_url=&#8220;?page_id=472&#8243; icon_size=&#8220;large&#8220; title_color=&#8220;#ffffff&#8220; txt_color=&#8220;#ffffff&#8220;]Mediation eignet sich f\u00fcr unterschiedliche Konfliktsituationen. MediationNow vermittelt bei Streitfragen\/ Konflikten.[\/mk_icon_box][mk_icon_box icon=&#8220;mk-icon-gears&#8220; title=&#8220;Teamentwicklung | Teamsupervision&#8220; text_size=&#8220;24&#8243; font_weight=&#8220;bold&#8220; read_more_txt=&#8220;Erfahren Sie mehr&#8220; read_more_url=&#8220;?page_id=394&#8243; icon_size=&#8220;large&#8220; icon_circle_color=&#8220;&#8220; title_color=&#8220;#ffffff&#8220; txt_color=&#8220;#ffffff&#8220;]Wenn es an der Zeit ist, Ihr Team zu st\u00e4rken, um m\u00f6gliche Konflikte im Voraus zu erkennen und konstruktiv anzugehen, unterst\u00fctzen wir Sie dabei.[\/mk_icon_box][\/vc_column_inner][vc_column_inner width=&#8220;1\/3&#8243;][mk_icon_box icon=&#8220;mk-icon-microphone&#8220; title=&#8220;Coaching&#8220; text_size=&#8220;24&#8243; font_weight=&#8220;bold&#8220; read_more_txt=&#8220;Erfahren Sie mehr&#8220; read_more_url=&#8220;?page_id=394&#8243; icon_size=&#8220;large&#8220; icon_circle_color=&#8220;&#8220; title_color=&#8220;#ffffff&#8220; txt_color=&#8220;#ffffff&#8220;]MediatonNow bietet bei Bedarf auch professionelles Coaching an.[\/mk_icon_box][mk_icon_box icon=&#8220;mk-moon-people&#8220; title=&#8220;Partner&#8220; text_size=&#8220;24&#8243; font_weight=&#8220;bold&#8220; read_more_txt=&#8220;Erfahren Sie mehr&#8220; read_more_url=&#8220;?page_id=411&#8243; icon_size=&#8220;large&#8220; icon_circle_color=&#8220;&#8220; title_color=&#8220;#ffffff&#8220; txt_color=&#8220;#ffffff&#8220;]Im Erstgespr\u00e4ch kl\u00e4ren wir mit Ihnen, was Ihr Anliegen ist. Sollten sich aus unserer Sicht eine andere Beratungsform oder Mediatoren mit anderen Kompetenzen besser eignen, dann werden wir Sie gerne weiterleiten.[\/mk_icon_box][\/vc_column_inner][\/vc_row_inner][\/vc_column][\/mk_page_section]\n<\/div>","protected":false},"excerpt":{"rendered":"<p>[vc_row fullwidth=&#8220;true&#8220; visibility=&#8220;hidden-sm&#8220; css=&#8220;.vc_custom_1585656672587{padding-top: 0px !important;padding-right: 0px !important;padding-bottom: 0px !important;padding-left: 0px !important;}&#8220;][vc_column][mk_fullwidth_slideshow padding=&#8220;0&#8243; images=&#8220;542,544,545,546&#8243;][\/vc_column][\/vc_row][mk_page_section bg_color=&#8220;#5a8e83&#8243; bg_repeat=&#8220;no-repeat&#8220; bg_stretch=&#8220;true&#8220; min_height=&#8220;0&#8243; padding_top=&#8220;0&#8243; padding_bottom=&#8220;0&#8243; sidebar=&#8220;sidebar-1&#8243;][vc_column][mk_padding_divider size=&#8220;75&#8243;][vc_row_inner is_fullwidth_content=&#8220;false&#8220;][vc_column_inner width=&#8220;1\/3&#8243;][mk_custom_box bg_color=&#8220;#ffffff&#8220;][mk_fancy_title color=&#8220;#039976&#8243; size=&#8220;18&#8243; font_weight=&#8220;bold&#8220; txt_transform=&#8220;none&#8220; margin_bottom=&#8220;0&#8243; font_family=&#8220;none&#8220; align=&#8220;center&#8220;]Warum MediationNow[\/mk_fancy_title][vc_column_text align=&#8220;center&#8220; css=&#8220;.vc_custom_1591342990759{margin-bottom: 0px !important;}&#8220;]Wir legen Wert darauf, die Bed\u00fcrfnisse und Anliegen der Konfliktparteien wirklich zu verstehen um diese in der L\u00f6sungsfindung bestm\u00f6glich [&hellip;]<\/p>\n","protected":false},"author":3,"featured_media":0,"parent":0,"menu_order":0,"comment_status":"closed","ping_status":"closed","template":"","meta":{"footnotes":""},"_links":{"self":[{"href":"https:\/\/mediationnow.ch\/index.php?rest_route=\/wp\/v2\/pages\/5"}],"collection":[{"href":"https:\/\/mediationnow.ch\/index.php?rest_route=\/wp\/v2\/pages"}],"about":[{"href":"https:\/\/mediationnow.ch\/index.php?rest_route=\/wp\/v2\/types\/page"}],"author":[{"embeddable":true,"href":"https:\/\/mediationnow.ch\/index.php?rest_route=\/wp\/v2\/users\/3"}],"replies":[{"embeddable":true,"href":"https:\/\/mediationnow.ch\/index.php?rest_route=%2Fwp%2Fv2%2Fcomments&post=5"}],"version-history":[{"count":56,"href":"https:\/\/mediationnow.ch\/index.php?rest_route=\/wp\/v2\/pages\/5\/revisions"}],"predecessor-version":[{"id":709,"href":"https:\/\/mediationnow.ch\/index.php?rest_route=\/wp\/v2\/pages\/5\/revisions\/709"}],"wp:attachment":[{"href":"https:\/\/mediationnow.ch\/index.php?rest_route=%2Fwp%2Fv2%2Fmedia&parent=5"}],"curies":[{"name":"wp","href":"https:\/\/api.w.org\/{rel}","templated":true}]}}